{"id":798,"date":"2019-11-19T11:18:49","date_gmt":"2019-11-19T11:18:49","guid":{"rendered":"http:\/\/www.maiteciurana.com\/?page_id=798"},"modified":"2024-06-16T16:53:43","modified_gmt":"2024-06-16T16:53:43","slug":"contacto","status":"publish","type":"page","link":"https:\/\/www.maiteciurana.com\/?page_id=798","title":{"rendered":"CONTACTO"},"content":{"rendered":"<div data-colibri-id=\"798-c1\" class=\"style-653 style-local-798-c1 position-relative\">\r\n  <!---->\r\n  <div data-colibri-component=\"section\" data-colibri-id=\"798-c2\" id=\"initial-content\" class=\"h-section h-section-global-spacing d-flex align-items-lg-center align-items-md-center align-items-center style-654 style-local-798-c2 position-relative\">\r\n    <!---->\r\n    <!---->\r\n    <div class=\"h-section-grid-container h-section-boxed-container\">\r\n      <!---->\r\n      <div data-colibri-id=\"798-c3\" class=\"h-row-container gutters-row-lg-2 gutters-row-md-2 gutters-row-0 gutters-row-v-lg-2 gutters-row-v-md-2 gutters-row-v-2 style-655 style-local-798-c3 position-relative\">\r\n        <!---->\r\n        <div class=\"h-row justify-content-lg-center justify-content-md-center justify-content-center align-items-lg-stretch align-items-md-stretch align-items-stretch gutters-col-lg-2 gutters-col-md-2 gutters-col-0 gutters-col-v-lg-2 gutters-col-v-md-2 gutters-col-v-2\">\r\n          <!---->\r\n          <div class=\"h-column h-column-container d-flex h-col-lg-auto h-col-md-auto h-col-auto style-656-outer style-local-798-c4-outer\">\r\n            <div data-colibri-id=\"798-c4\" class=\"d-flex h-flex-basis h-column__inner h-px-lg-2 h-px-md-2 h-px-2 v-inner-lg-2 v-inner-md-2 v-inner-2 style-656 style-local-798-c4 position-relative\">\r\n              <!---->\r\n              <!---->\r\n              <div class=\"w-100 h-y-container h-column__content h-column__v-align flex-basis-100 align-self-lg-start align-self-md-start align-self-start\">\r\n                <!---->\r\n                <div data-colibri-id=\"798-c5\" class=\"style-657 style-local-798-c5 position-relative h-element\">\r\n                  <!---->\r\n                  <div>\r\n                    \r\n                    <p class=\"has-medium-font-size\"><strong>Maite Ciurana.<\/strong> <\/p>\r\n                    \r\n\r\n                    \r\n                    <p class=\"has-medium-font-size\">No dude en ponerse en contacto conmigo; Tanto por inter\u00e9s en temas de Dise\u00f1o de Interiores y Decoraci\u00f3n como por inter\u00e9s en la parte art\u00edstica (art-maiteciurana). Le atender\u00e9 con mucho gusto.<\/p>\r\n                    \r\n\r\n                    \r\n                    <p class=\"has-medium-font-size\">Puede llamarme al <strong>687 720 564<\/strong> o escribir a la direcci\u00f3n de correo electr\u00f3nico: <strong>maite@maiteciurana.com<\/strong><\/p>\r\n                    \r\n\r\n                    \r\n                    <p class=\"has-medium-font-size\"><\/p>\r\n                    \r\n\r\n                    <p>\r\n                      <!--EndFragment-->\r\n                      <img loading=\"lazy\" decoding=\"async\" class=\"alignnone  wp-image-225\" src=\"https:\/\/www.maiteciurana.com\/wp-content\/uploads\/2019\/11\/LOGO-ALTA-RESOLUCION-MAITE-300x300.jpg\" alt=\"\" width=\"213\" height=\"213\" srcset=\"https:\/\/www.maiteciurana.com\/wp-content\/uploads\/2019\/11\/LOGO-ALTA-RESOLUCION-MAITE-300x300.jpg 300w, https:\/\/www.maiteciurana.com\/wp-content\/uploads\/2019\/11\/LOGO-ALTA-RESOLUCION-MAITE-150x150.jpg 150w, https:\/\/www.maiteciurana.com\/wp-content\/uploads\/2019\/11\/LOGO-ALTA-RESOLUCION-MAITE.jpg 636w\" sizes=\"auto, (max-width: 213px) 100vw, 213px\" \/>\r\n                      <br>\r\n                      <br>\r\n                    <\/p>\r\n\r\n                    \r\n                    <p><\/p>\r\n                    \r\n                  <\/div>\r\n                <\/div>\r\n              <\/div>\r\n            <\/div>\r\n          <\/div>\r\n        <\/div>\r\n      <\/div>\r\n    <\/div>\r\n  <\/div>\r\n<\/div>","protected":false},"excerpt":{"rendered":"<p>Maite Ciurana. No dude en ponerse en contacto conmigo; Tanto por inter\u00e9s en temas de Dise\u00f1o de Interiores y Decoraci\u00f3n como por inter\u00e9s en la parte art\u00edstica (art-maiteciurana). Le atender\u00e9 con mucho gusto. Puede llamarme al 687 720 564 o escribir a la direcci\u00f3n de correo electr\u00f3nico: maite@maiteciurana.com<\/p>\n","protected":false},"author":1,"featured_media":0,"parent":0,"menu_order":0,"comment_status":"closed","ping_status":"closed","template":"page-templates\/full-width-page.php","meta":{"ngg_post_thumbnail":0,"footnotes":""},"class_list":["post-798","page","type-page","status-publish","hentry"],"yoast_head":"<!-- This site is optimized with the Yoast SEO plugin v24.9 - https:\/\/yoast.com\/wordpress\/plugins\/seo\/ -->\n<title>CONTACTO - Maite Ciurana<\/title>\n<meta name=\"robots\" content=\"index, follow, max-snippet:-1, max-image-preview:large, max-video-preview:-1\" \/>\n<link rel=\"canonical\" href=\"https:\/\/www.maiteciurana.com\/?page_id=798\" \/>\n<meta property=\"og:locale\" content=\"es_ES\" \/>\n<meta property=\"og:type\" content=\"article\" \/>\n<meta property=\"og:title\" content=\"CONTACTO - Maite Ciurana\" \/>\n<meta property=\"og:description\" content=\"Maite Ciurana. No dude en ponerse en contacto conmigo; Tanto por inter\u00e9s en temas de Dise\u00f1o de Interiores y Decoraci\u00f3n como por inter\u00e9s en la parte art\u00edstica (art-maiteciurana). Le atender\u00e9 con mucho gusto. Puede llamarme al 687 720 564 o escribir a la direcci\u00f3n de correo electr\u00f3nico: maite@maiteciurana.com\" \/>\n<meta property=\"og:url\" content=\"https:\/\/www.maiteciurana.com\/?page_id=798\" \/>\n<meta property=\"og:site_name\" content=\"Maite Ciurana\" \/>\n<meta property=\"article:modified_time\" content=\"2024-06-16T16:53:43+00:00\" \/>\n<meta property=\"og:image\" content=\"http:\/\/www.maiteciurana.com\/wp-content\/uploads\/2019\/11\/LOGO-ALTA-RESOLUCION-MAITE-300x300.jpg\" \/>\n<meta name=\"twitter:card\" content=\"summary_large_image\" \/>\n<script type=\"application\/ld+json\" class=\"yoast-schema-graph\">{\"@context\":\"https:\/\/schema.org\",\"@graph\":[{\"@type\":\"WebPage\",\"@id\":\"https:\/\/www.maiteciurana.com\/?page_id=798\",\"url\":\"https:\/\/www.maiteciurana.com\/?page_id=798\",\"name\":\"CONTACTO - Maite Ciurana\",\"isPartOf\":{\"@id\":\"https:\/\/www.maiteciurana.com\/#website\"},\"primaryImageOfPage\":{\"@id\":\"https:\/\/www.maiteciurana.com\/?page_id=798#primaryimage\"},\"image\":{\"@id\":\"https:\/\/www.maiteciurana.com\/?page_id=798#primaryimage\"},\"thumbnailUrl\":\"http:\/\/www.maiteciurana.com\/wp-content\/uploads\/2019\/11\/LOGO-ALTA-RESOLUCION-MAITE-300x300.jpg\",\"datePublished\":\"2019-11-19T11:18:49+00:00\",\"dateModified\":\"2024-06-16T16:53:43+00:00\",\"breadcrumb\":{\"@id\":\"https:\/\/www.maiteciurana.com\/?page_id=798#breadcrumb\"},\"inLanguage\":\"es\",\"potentialAction\":[{\"@type\":\"ReadAction\",\"target\":[\"https:\/\/www.maiteciurana.com\/?page_id=798\"]}]},{\"@type\":\"ImageObject\",\"inLanguage\":\"es\",\"@id\":\"https:\/\/www.maiteciurana.com\/?page_id=798#primaryimage\",\"url\":\"http:\/\/www.maiteciurana.com\/wp-content\/uploads\/2019\/11\/LOGO-ALTA-RESOLUCION-MAITE-300x300.jpg\",\"contentUrl\":\"http:\/\/www.maiteciurana.com\/wp-content\/uploads\/2019\/11\/LOGO-ALTA-RESOLUCION-MAITE-300x300.jpg\"},{\"@type\":\"BreadcrumbList\",\"@id\":\"https:\/\/www.maiteciurana.com\/?page_id=798#breadcrumb\",\"itemListElement\":[{\"@type\":\"ListItem\",\"position\":1,\"name\":\"Portada\",\"item\":\"https:\/\/www.maiteciurana.com\/\"},{\"@type\":\"ListItem\",\"position\":2,\"name\":\"CONTACTO\"}]},{\"@type\":\"WebSite\",\"@id\":\"https:\/\/www.maiteciurana.com\/#website\",\"url\":\"https:\/\/www.maiteciurana.com\/\",\"name\":\"Maite Ciurana\",\"description\":\"El color de la Emoci\u00f3n.\",\"publisher\":{\"@id\":\"https:\/\/www.maiteciurana.com\/#\/schema\/person\/2f72ba992154dd862d96ec863f5f0bed\"},\"potentialAction\":[{\"@type\":\"SearchAction\",\"target\":{\"@type\":\"EntryPoint\",\"urlTemplate\":\"https:\/\/www.maiteciurana.com\/?s={search_term_string}\"},\"query-input\":{\"@type\":\"PropertyValueSpecification\",\"valueRequired\":true,\"valueName\":\"search_term_string\"}}],\"inLanguage\":\"es\"},{\"@type\":[\"Person\",\"Organization\"],\"@id\":\"https:\/\/www.maiteciurana.com\/#\/schema\/person\/2f72ba992154dd862d96ec863f5f0bed\",\"name\":\"Maite\",\"image\":{\"@type\":\"ImageObject\",\"inLanguage\":\"es\",\"@id\":\"https:\/\/www.maiteciurana.com\/#\/schema\/person\/image\/\",\"url\":\"https:\/\/www.maiteciurana.com\/wp-content\/uploads\/2019\/11\/cropped-LOGO-ALTA-RESOLUCION-MAITE.jpg\",\"contentUrl\":\"https:\/\/www.maiteciurana.com\/wp-content\/uploads\/2019\/11\/cropped-LOGO-ALTA-RESOLUCION-MAITE.jpg\",\"width\":561,\"height\":173,\"caption\":\"Maite\"},\"logo\":{\"@id\":\"https:\/\/www.maiteciurana.com\/#\/schema\/person\/image\/\"}}]}<\/script>\n<!-- \/ Yoast SEO plugin. -->","yoast_head_json":{"title":"CONTACTO - Maite Ciurana","robots":{"index":"index","follow":"follow","max-snippet":"max-snippet:-1","max-image-preview":"max-image-preview:large","max-video-preview":"max-video-preview:-1"},"canonical":"https:\/\/www.maiteciurana.com\/?page_id=798","og_locale":"es_ES","og_type":"article","og_title":"CONTACTO - Maite Ciurana","og_description":"Maite Ciurana. No dude en ponerse en contacto conmigo; Tanto por inter\u00e9s en temas de Dise\u00f1o de Interiores y Decoraci\u00f3n como por inter\u00e9s en la parte art\u00edstica (art-maiteciurana). Le atender\u00e9 con mucho gusto. Puede llamarme al 687 720 564 o escribir a la direcci\u00f3n de correo electr\u00f3nico: maite@maiteciurana.com","og_url":"https:\/\/www.maiteciurana.com\/?page_id=798","og_site_name":"Maite Ciurana","article_modified_time":"2024-06-16T16:53:43+00:00","og_image":[{"url":"http:\/\/www.maiteciurana.com\/wp-content\/uploads\/2019\/11\/LOGO-ALTA-RESOLUCION-MAITE-300x300.jpg","type":"","width":"","height":""}],"twitter_card":"summary_large_image","schema":{"@context":"https:\/\/schema.org","@graph":[{"@type":"WebPage","@id":"https:\/\/www.maiteciurana.com\/?page_id=798","url":"https:\/\/www.maiteciurana.com\/?page_id=798","name":"CONTACTO - Maite Ciurana","isPartOf":{"@id":"https:\/\/www.maiteciurana.com\/#website"},"primaryImageOfPage":{"@id":"https:\/\/www.maiteciurana.com\/?page_id=798#primaryimage"},"image":{"@id":"https:\/\/www.maiteciurana.com\/?page_id=798#primaryimage"},"thumbnailUrl":"http:\/\/www.maiteciurana.com\/wp-content\/uploads\/2019\/11\/LOGO-ALTA-RESOLUCION-MAITE-300x300.jpg","datePublished":"2019-11-19T11:18:49+00:00","dateModified":"2024-06-16T16:53:43+00:00","breadcrumb":{"@id":"https:\/\/www.maiteciurana.com\/?page_id=798#breadcrumb"},"inLanguage":"es","potentialAction":[{"@type":"ReadAction","target":["https:\/\/www.maiteciurana.com\/?page_id=798"]}]},{"@type":"ImageObject","inLanguage":"es","@id":"https:\/\/www.maiteciurana.com\/?page_id=798#primaryimage","url":"http:\/\/www.maiteciurana.com\/wp-content\/uploads\/2019\/11\/LOGO-ALTA-RESOLUCION-MAITE-300x300.jpg","contentUrl":"http:\/\/www.maiteciurana.com\/wp-content\/uploads\/2019\/11\/LOGO-ALTA-RESOLUCION-MAITE-300x300.jpg"},{"@type":"BreadcrumbList","@id":"https:\/\/www.maiteciurana.com\/?page_id=798#breadcrumb","itemListElement":[{"@type":"ListItem","position":1,"name":"Portada","item":"https:\/\/www.maiteciurana.com\/"},{"@type":"ListItem","position":2,"name":"CONTACTO"}]},{"@type":"WebSite","@id":"https:\/\/www.maiteciurana.com\/#website","url":"https:\/\/www.maiteciurana.com\/","name":"Maite Ciurana","description":"El color de la Emoci\u00f3n.","publisher":{"@id":"https:\/\/www.maiteciurana.com\/#\/schema\/person\/2f72ba992154dd862d96ec863f5f0bed"},"potentialAction":[{"@type":"SearchAction","target":{"@type":"EntryPoint","urlTemplate":"https:\/\/www.maiteciurana.com\/?s={search_term_string}"},"query-input":{"@type":"PropertyValueSpecification","valueRequired":true,"valueName":"search_term_string"}}],"inLanguage":"es"},{"@type":["Person","Organization"],"@id":"https:\/\/www.maiteciurana.com\/#\/schema\/person\/2f72ba992154dd862d96ec863f5f0bed","name":"Maite","image":{"@type":"ImageObject","inLanguage":"es","@id":"https:\/\/www.maiteciurana.com\/#\/schema\/person\/image\/","url":"https:\/\/www.maiteciurana.com\/wp-content\/uploads\/2019\/11\/cropped-LOGO-ALTA-RESOLUCION-MAITE.jpg","contentUrl":"https:\/\/www.maiteciurana.com\/wp-content\/uploads\/2019\/11\/cropped-LOGO-ALTA-RESOLUCION-MAITE.jpg","width":561,"height":173,"caption":"Maite"},"logo":{"@id":"https:\/\/www.maiteciurana.com\/#\/schema\/person\/image\/"}}]}},"_links":{"self":[{"href":"https:\/\/www.maiteciurana.com\/index.php?rest_route=\/wp\/v2\/pages\/798","targetHints":{"allow":["GET"]}}],"collection":[{"href":"https:\/\/www.maiteciurana.com\/index.php?rest_route=\/wp\/v2\/pages"}],"about":[{"href":"https:\/\/www.maiteciurana.com\/index.php?rest_route=\/wp\/v2\/types\/page"}],"author":[{"embeddable":true,"href":"https:\/\/www.maiteciurana.com\/index.php?rest_route=\/wp\/v2\/users\/1"}],"replies":[{"embeddable":true,"href":"https:\/\/www.maiteciurana.com\/index.php?rest_route=%2Fwp%2Fv2%2Fcomments&post=798"}],"version-history":[{"count":2,"href":"https:\/\/www.maiteciurana.com\/index.php?rest_route=\/wp\/v2\/pages\/798\/revisions"}],"predecessor-version":[{"id":803,"href":"https:\/\/www.maiteciurana.com\/index.php?rest_route=\/wp\/v2\/pages\/798\/revisions\/803"}],"wp:attachment":[{"href":"https:\/\/www.maiteciurana.com\/index.php?rest_route=%2Fwp%2Fv2%2Fmedia&parent=798"}],"curies":[{"name":"wp","href":"https:\/\/api.w.org\/{rel}","templated":true}]}}